git of ((-4)/7)/(j/42)?
2
Let w = 1819 - -772. What is the units digit of w?
1
Let y(a) = -18 - 9 - a**3 + 2*a + 21 + 4*a**2. What is the tens digit of y(-4)?
1
Suppose c - 4 = -2*y + 2, 4*c + 1 = -3*y. Let m be 0 + -3*(c + 3). Suppose -p + 2 = m*k - 2, 0 = -4*p - 2*k + 66. What is the units digit of p?
9
Let b = -750 + 1744. What is the units digit of b?
4
Suppose 5*h = 17 + 3. Suppose 0 = -4*y + 4*s + 12, -y - 2*y + 12 = -h*s. Suppose -2*j + 3 + 7 = 4*o, y = 5*j - 3*o - 64. What is the units digit of j?
1
Suppose -20 = -5*l + 5. Suppose 4*i = h - 24, -2*h - 4*i + 41 = -l*i. What is the units digit of h?
0
Let r = -67 + 67. Suppose r = -s - 0*s + 180. What is the hundreds digit of s?
1
Let i be (-1)/7 - 54/14. Let p(a) = -a**3 - 6*a**2 + 5*a + 2. Let r be p(i). Let f = r + 90. What is the tens digit of f?
4
Let m(v) = 44*v**2 + 3*v - 10. Let h be m(3). Suppose 0 = -5*i - 70 + h. What is the tens digit of i?
6
Suppose p - 2*t - 332 = 0, -12*p = -7*p + 2*t - 1684. What is the tens digit of p?
3
Let q(y) = -y**2 + y + 7. Let k be q(-3). What is the units digit of 3 - (0 + -3 - k)?
1
What is the hundreds digit of (-7836)/(-22) - 27/((-1188)/(-8))?
3
Let d = -12 + 17. Let j be (-3)/(-15) - ((-3536)/20 + -1). Suppose j = d*q - 42. What is the units digit of q?
4
Let a = 10 - -1. Suppose 0 = m + a - 49. What is the units digit of m?
8
Suppose -239542 - 96414 = -94*x. What is the thousands digit of x?
3
Let f be (4 + -7 - -4)*0. Suppose f = -13*z + 15*z - 150. What is the units digit of z?
5
Suppose 3*o = g - 0*g - 961, 3*o + 3*g + 957 = 0. Let f be o/(-6) + 3/(-9). Let v = f - 10. What is the units digit of v?
3
Suppose -6*f + 15 = -3*f. Suppose f*i + j = 289 - 94, -4*i = -4*j - 180. Let p = -19 + i. What is the units digit of p?
1
Suppose 0 = -3*o + 2*o + 10. Let c(m) = 2*m**2 + 3*m**2 - o + 8. What is the tens digit of c(2)?
1
Suppose -2*r - 4 = -4*r. Suppose r*h - 13 = 15. Suppose -3*v + 44 = -q - h, -38 = -2*v + q. What is the tens digit of v?
2
Let y(g) = -5*g - 5. Let t(d) = -d - 1. Let i be t(-3). Suppose -i*s - 30 = 4*j, 0 = 4*s + s + 5*j + 50. What is the units digit of y(s)?
0
Let f be 0 + 6 - (6 - (1 + 3)). Suppose -w - 3*b = -122, 2*w = f*b + 1 + 243. What is the units digit of w?
2
Suppose 151 = 4*k - 4*b - 261, -3*k - 4*b + 302 = 0. Suppose 318 = 7*j - k. What is the tens digit of ((-24)/j)/((-2)/305)?
6
Let z be (1 + 0)*(-930)/(-10). Suppose 2*d = 4*o - 3*d - 123, 3*d = 3*o - z. What is the tens digit of o?
3
Let x(c) = 13*c + 5. Let u be x(1). Let h = -5 + u. What is the units digit of h?
3
Suppose -26784 = 5*q - 23*q. What is the thousands digit of q?
1
Suppose f = -5*s + 19, 4*s - 10 - 3 = -3*f. Suppose -2*v = -v + s. Let j = 13 + v. What is the units digit of j?
9
Suppose l - 5 = -5*h, 0*l = -4*h + 3*l - 15. Let c be (-3)/((4 - 6) + 1). Suppose -j + c*p = -h*p - 37, -33 = -j + p. What is the tens digit of j?
3
Suppose 0 = -27*j + 30*j + y - 3413, -3*j + 3433 = -4*y. What is the tens digit of j?
3
Let r = 39 + -13. Suppose -r - 4 = -3*s. Suppose -s = 5*x, -3*a - 4*x + 3 = -76. What is the units digit of a?
9
Suppose -4*u = 5*b - 182, -3*u + 8 = -3*b + 101. Let s = b + -16. What is the units digit of (s/8)/((-9)/(-168))?
2
What is the thousands digit of 449298/108 + 5/(-30)?
4
Suppose 3*n - 449 = -5*b + 207, -5*n + 10 = 0. Let v = -59 + b. What is the tens digit of v?
7
Suppose -6*u + 2*u = -2*d - 144, -5*u + d = -180. Let x be u + (-2 + 1 - 0). What is the units digit of (-452)/(-14) - 10/x?
2
Suppose -3*n - 2*n - 60 = 2*b, -4*n - 25 = -3*b. Let z = -3 - n. Suppose -z*d + 433 = -50. What is the units digit of d?
9
Suppose -20 = -4*f + 5*u, -4*f - 6 = 2*u + 2. Suppose f = -4*m + 225 - 1. What is the units digit of m?
6
Suppose -v + 6*v + 78 = 3*q, 3*q - v = 66. Let x be ((-4)/(-3))/((-2)/(-21)). Let p = q - x. What is the units digit of p?
7
Suppose 10*z - 11*z = 0. Suppose z = 2*j - 3 - 1, j = -2*o + 8. What is the units digit of o?
3
Let g(a) = 35*a**2 + 5*a + 2*a - 34*a**2 + 3. Let l(n) = 2*n + 10. Let d be l(-9). What is the tens digit of g(d)?
1
Let o(l) = l**2 - 11*l - 4. Let c = 44 - 28. Let g be o(c). Suppose 0 = -5*j + 199 + g. What is the units digit of j?
5
Suppose -5*v = 4*a + a, -3*v - 16 = -5*a. Let g(z) = 31*z - 1 + a*z**2 + z**2 - 28*z. What is the units digit of g(-4)?
5
Suppose -5*x - 15 = -0. What is the tens digit of (-2 - x - 3) + (2 - -94)?
9
Suppose -2*w - 7540 = -4*s, -61*w + 5662 = 3*s - 59*w. What is the tens digit of s?
8
Let r(y) = 741*y + 78. What is the thousands digit of r(3)?
2
Suppose 30 = 5*m + 5*x - 40, -m = -2*x - 5. Suppose 12*u - 28 = m*u. What is the tens digit of u?
2
What is the units digit of (3 - 4)/(12/(-8268))?
9
Let i = -107 + 44. What is the units digit of (i/2)/(9/(-12))?
2
Let d be -1 + 1 - (-14 - 210). Let v = -134 + d. What is the tens digit of v?
9
Suppose -s + 0*m - m + 342 = 0, 0 = -2*s - 3*m + 681. What is the units digit of s?
5
Suppose 5*z + 645 = -5*i, -i - 3*z + z - 130 = 0. What is the hundreds digit of (1 - -1 - i)*(3 - 2)?
1
Let a be 112/(-21)*(14/(-8) + 1). Suppose a*m + 98 = 2*o - 110, -o - 4*m + 98 = 0. What is the units digit of o?
2
Suppose 3*k - 5 = 28. Suppose k*c - 4*c = 1974. What is the hundreds digit of c?
2
Let p = -78 - -86. Suppose 882 = p*l - 158. What is the tens digit of l?
3
Let q be ((-40)/(-15) + -2)*(-393)/2. Suppose 4*r = -400 - 352. Let m = q - r. What is the tens digit of m?
5
Let z = 9 - 9. Suppose z*f + 20 = 2*f. What is the units digit of (-18)/(-5) + 4/f?
4
Let l(k) = k**2 + 17*k - 9. Let f be l(-11). Let w = -24 - f. What is the tens digit of w?
5
Suppose -3*t = -4*b - 3008, 6*t - 11*t = b - 4975. What is the tens digit of t?
9
Let r(a) = -a**2 + 12*a - 7. Let f be r(11). Suppose 105 = -f*o + 285. What is the units digit of o?
5
Let p = 38 + -20. Let s be p/10 + (-2)/(-10). Suppose -3*f + 0*f + 21 = 3*j, s*j = -4. What is the units digit of f?
9
Suppose 52*z - 50*z + w - 1663 = 0, -3*z - w = -2495. What is the hundreds digit of z?
8
Suppose -4*q = 8, -5*q = 9*l - 10*l + 621. What is the tens digit of l?
1
Let c = 953 - 602. What is the hundreds digit of c?
3
Let p = -1 - 4. Let t be (-132)/p - 18/45. Suppose -2*q + t = -0*q - 4*m, 5*q = -3*m + 91. What is the tens digit of q?
1
Let s(x) = x**3 - 2*x**2 + 3*x - 3. Let c be s(6). Let m = c - 32. What is the hundreds digit of m?
1
Suppose -40*j = -54*j + 22848. What is the thousands digit of j?
1
Let o = -164 + 688. What is the units digit of o?
4
Let l(p) = -53*p**2 - p + 2*p - 4*p**2. Let g be l(1). What is the tens digit of (432/g)/(6/(-28))?
3
Let x = 104 + 47. Suppose o - 2*p = 63, -p = 5*o - 3*o - x. What is the tens digit of o?
7
Suppose -10*n + 4*y = -14*n + 14848, 4*y = 4. What is the units digit of n?
1
Suppose 0 = 2*q - 4*x + 40, 0*x - x = -5*q - 64. What is the units digit of 1/(-6) + (-134)/q?
1
Suppose -4*w - 533 + 1961 = 0. What is the hundreds digit of w?
3
Let b(m) = -1872*m**3 - 2*m**2 - 2*m - 1. What is the hundreds digit of b(-1)?
8
Suppose y - 27*y + 16432 = 0. What is the tens digit of y?
3
Let j be 120/55 - (-2)/(-11). Let b(q) = -7 - 8 + 5*q**2 - q**3 + 9*q + 3*q**j. What is the units digit of b(8)?
7
Suppose 0 = -74*o + 68*o + 1032. Suppose 4*t + 276 = 4*z, 3*z + 3*t - o = -t. What is the units digit of z?
4
Let j(v) = -3*v**3 + 6*v**2 - 27*v - 125. What is the tens digit of j(-7)?
8
Let q be 8/3 - (-6)/(-9). Suppose -c + 43 = q*w - 4*w, 5*c - 275 = -5*w. What is the tens digit of c?
5
Let d be 7/(-14) - (-6)/(-4). Let h = -13 + d. Let s(z) = -2*z + 28. What is the units digit of s(h)?
8
Let n be 5*(-1 - 8*(-2)/5). Suppose n*u - 280 = 6*u. What is the tens digit of u?
5
Suppose -2*f + 11 = 7. Suppose 3*b - 203 = -f*g, 5*b = -3*g + 182 + 156. What is the units digit of b?
7
Suppose -4*q + 1765 = -4379. What is the tens digit of q?
3
Suppose -13*r + 10*r - f = -5588, -7449 = -4*r - f. What is the thousands digit of r?
1
What is the units digit of 453/(114/90 - (-8)/(-12))?
5
Let h(z) be the second derivative of -z**5/20 + z**4/4 + z**3/6 - z**2 + z. Let p be h(3). Suppose -p = -j + 40. What is the tens digit of j?
4
What is the thousands digit of 2820/(-658)*469/(-2)?
1
Suppose -7*h + 5*l = -5*h - 4531, -3*h - 2*l + 6825 = 0. What is the thousands digit of h?
2
Let h(y